{"id":13,"date":"2022-05-18T11:14:54","date_gmt":"2022-05-18T11:14:54","guid":{"rendered":"https:\/\/www.hilanimuhely.hu\/?page_id=13"},"modified":"2025-09-19T08:23:51","modified_gmt":"2025-09-19T08:23:51","slug":"munkatarsak","status":"publish","type":"page","link":"https:\/\/www.hilanimuhely.hu\/?page_id=13","title":{"rendered":"Munkat\u00e1rsak"},"content":{"rendered":"\n<div class=\"wp-block-buttons is-content-justification-left is-layout-flex wp-container-core-buttons-is-layout-fdcfc74e wp-block-buttons-is-layout-flex\">\n<div class=\"wp-block-button\"><a class=\"wp-block-button__link wp-element-button\" href=\"\/?page_id=255\"><strong>M\u00e1t\u00e9 Edina<\/strong> &#8211; \u00fcgyvezet\u0151 \u00e9p\u00edt\u00e9sz<\/a><\/div>\n<\/div>\n\n\n\n<p>v\u00e9gzetts\u00e9gek:<\/p>\n\n\n\n<ul class=\"wp-block-list\">\n<li>1997. j\u00fanius, Ybl Mikl\u00f3s M\u0171szaki F\u0151iskola, Budapest &#8211; <strong>telep\u00fcl\u00e9sm\u00e9rn\u00f6k<\/strong><\/li>\n\n\n\n<li>2000. j\u00fanius, Ybl Mikl\u00f3s M\u0171szaki F\u0151iskola, Budapest &#8211; <strong>\u00e9p\u00edt\u00e9szm\u00e9rn\u00f6k<\/strong><\/li>\n\n\n\n<li>2004. j\u00fanius, Ybl Mikl\u00f3s M\u0171szaki F\u0151iskola, Budapest &#8211; <strong>\u00e9p\u00edt\u00e9sz-tervez\u0151 szakm\u00e9rtn\u00f6k<\/strong><\/li>\n\n\n\n<li>2016. j\u00fanius, Budapesti M\u0171szaki \u00e9s Gazdas\u00e1gtudom\u00e1nyi Egyetem, Budapest &#8211; <strong>\u00f6nkorm\u00e1nyzati f\u0151\u00e9p\u00edt\u00e9sz szakm\u00e9rn\u00f6k<\/strong><\/li>\n<\/ul>\n\n\n\n<p>m.edina@hilanimuhely.hu<\/p>\n\n\n\n<div class=\"wp-block-buttons is-layout-flex wp-block-buttons-is-layout-flex\">\n<div class=\"wp-block-button\"><a class=\"wp-block-button__link wp-element-button\"><strong>Borsosn\u00e9 Dsupin Kinga<\/strong> &#8211; \u00e9p\u00edt\u00e9sz<\/a><\/div>\n<\/div>\n\n\n\n<p>v\u00e9gzetts\u00e9gek:<\/p>\n\n\n\n<ul class=\"wp-block-list\">\n<li>1985. Pollack Mih\u00e1ly M\u0171szaki F\u0151iskola, P\u00e9cs \u2013 magas\u00e9p\u00edt\u0151 Szak &#8211; <strong>\u00fczemm\u00e9rn\u00f6k<\/strong><\/li>\n\n\n\n<li>1988. Ybl Mikl\u00f3s M\u0171szaki F\u0151iskola, Debrecen \u2013 gazdas\u00e1gszervez\u0151 szak \u2013 <strong>szak\u00fczemm\u00e9rn\u00f6k<\/strong><\/li>\n<\/ul>\n\n\n\n<p>tanfolyamok:<\/p>\n\n\n\n<ul class=\"wp-block-list\">\n<li>2015. E napl\u00f3 vezet\u00e9se (M\u00e9rn\u00f6ki kamara \u00e1ltal szervezett tanfolyam)<\/li>\n\n\n\n<li>2015. V\u00e1llalatir\u00e1ny\u00edt\u00e1si rendszer fel\u00e9p\u00edt\u00e9se, sz\u00e1m\u00edt\u00f3g\u00e9pes alkalmaz\u00e1sa<\/li>\n\n\n\n<li>2016. Archicad Autocad TERC k\u00f6lts\u00e9gvet\u00e9s k\u00e9sz\u00edt\u0151 program<\/li>\n<\/ul>\n\n\n\n<p>b.kinga@hilanimuhely.hu<\/p>\n\n\n\n<div class=\"wp-block-buttons is-layout-flex wp-block-buttons-is-layout-flex\">\n<div class=\"wp-block-button\"><a class=\"wp-block-button__link wp-element-button\"><strong>\u00c9<\/strong>berhardt-Csap\u00f3 Kata &#8211; \u00e9p\u00edt\u00e9sz<\/a><\/div>\n<\/div>\n\n\n\n<p>csakat@gmail.com<\/p>\n\n\n\n<div class=\"wp-block-buttons is-layout-flex wp-block-buttons-is-layout-flex\">\n<div class=\"wp-block-button\"><a class=\"wp-block-button__link wp-element-button\"><strong>K\u00e1llai Erika<\/strong> &#8211; irodai munkat\u00e1rs<\/a><\/div>\n<\/div>\n\n\n\n<p>k.erika@hilanimuhely.hu<\/p>\n\n\n\n<p><\/p>\n","protected":false},"excerpt":{"rendered":"<p>v\u00e9gzetts\u00e9gek: m.edina@hilanimuhely.hu v\u00e9gzetts\u00e9gek: tanfolyamok: b.kinga@hilanimuhely.hu csakat@gmail.com k.erika@hilanimuhely.hu<\/p>\n","protected":false},"author":1,"featured_media":0,"parent":0,"menu_order":0,"comment_status":"closed","ping_status":"closed","template":"","meta":{"footnotes":""},"class_list":["post-13","page","type-page","status-publish","hentry","latest_post"],"_links":{"self":[{"href":"https:\/\/www.hilanimuhely.hu\/index.php?rest_route=\/wp\/v2\/pages\/13","targetHints":{"allow":["GET"]}}],"collection":[{"href":"https:\/\/www.hilanimuhely.hu\/index.php?rest_route=\/wp\/v2\/pages"}],"about":[{"href":"https:\/\/www.hilanimuhely.hu\/index.php?rest_route=\/wp\/v2\/types\/page"}],"author":[{"embeddable":true,"href":"https:\/\/www.hilanimuhely.hu\/index.php?rest_route=\/wp\/v2\/users\/1"}],"replies":[{"embeddable":true,"href":"https:\/\/www.hilanimuhely.hu\/index.php?rest_route=%2Fwp%2Fv2%2Fcomments&post=13"}],"version-history":[{"count":13,"href":"https:\/\/www.hilanimuhely.hu\/index.php?rest_route=\/wp\/v2\/pages\/13\/revisions"}],"predecessor-version":[{"id":499,"href":"https:\/\/www.hilanimuhely.hu\/index.php?rest_route=\/wp\/v2\/pages\/13\/revisions\/499"}],"wp:attachment":[{"href":"https:\/\/www.hilanimuhely.hu\/index.php?rest_route=%2Fwp%2Fv2%2Fmedia&parent=13"}],"curies":[{"name":"wp","href":"https:\/\/api.w.org\/{rel}","templated":true}]}}

Munkatársak

<div class="wp-block-buttons is-content-justification-left is-layout-flex wp-container-core-buttons-is-layout-fdcfc74e wp-block-buttons-is-layout-flex">
<div class="wp-block-button"><a class="wp-block-button__link wp-element-button" href="/?page_id=255"><strong>Máté Edina</strong> &#8211; ügyvezető építész</a></div>
</div>



<p>végzettségek:</p>



<ul class="wp-block-list">
<li>1997. június, Ybl Miklós Műszaki Főiskola, Budapest &#8211; <strong>településmérnök</strong></li>



<li>2000. június, Ybl Miklós Műszaki Főiskola, Budapest &#8211; <strong>építészmérnök</strong></li>



<li>2004. június, Ybl Miklós Műszaki Főiskola, Budapest &#8211; <strong>építész-tervező szakmértnök</strong></li>



<li>2016. június, Budapesti Műszaki és Gazdaságtudományi Egyetem, Budapest &#8211; <strong>önkormányzati főépítész szakmérnök</strong></li>
</ul>



<p>m.edina@hilanimuhely.hu</p>



<div class="wp-block-buttons is-layout-flex wp-block-buttons-is-layout-flex">
<div class="wp-block-button"><a class="wp-block-button__link wp-element-button"><strong>Borsosné Dsupin Kinga</strong> &#8211; építész</a></div>
</div>



<p>végzettségek:</p>



<ul class="wp-block-list">
<li>1985. Pollack Mihály Műszaki Főiskola, Pécs – magasépítő Szak &#8211; <strong>üzemmérnök</strong></li>



<li>1988. Ybl Miklós Műszaki Főiskola, Debrecen – gazdaságszervező szak – <strong>szaküzemmérnök</strong></li>
</ul>



<p>tanfolyamok:</p>



<ul class="wp-block-list">
<li>2015. E napló vezetése (Mérnöki kamara által szervezett tanfolyam)</li>



<li>2015. Vállalatirányítási rendszer felépítése, számítógépes alkalmazása</li>



<li>2016. Archicad Autocad TERC költségvetés készítő program</li>
</ul>



<p>b.kinga@hilanimuhely.hu</p>



<div class="wp-block-buttons is-layout-flex wp-block-buttons-is-layout-flex">
<div class="wp-block-button"><a class="wp-block-button__link wp-element-button"><strong>É</strong>berhardt-Csapó Kata &#8211; építész</a></div>
</div>



<p>csakat@gmail.com</p>



<div class="wp-block-buttons is-layout-flex wp-block-buttons-is-layout-flex">
<div class="wp-block-button"><a class="wp-block-button__link wp-element-button"><strong>Kállai Erika</strong> &#8211; irodai munkatárs</a></div>
</div>



<p>k.erika@hilanimuhely.hu</p>



<p></p>

<p>végzettségek: m.edina@hilanimuhely.hu végzettségek: tanfolyamok: b.kinga@hilanimuhely.hu csakat@gmail.com k.erika@hilanimuhely.hu</p>
